 w = 87 + 1125. What is the hundreds digit of w?
2
What is the tens digit of 127/1 + -11*(-3)/33?
2
Suppose -s = 2*q - 780, 2*q - 6*s + 4*s = 792. What is the tens digit of q?
9
Suppose 2*j + 2122 = 4*d, 4*d = -2*j + 1086 + 1048. What is the hundreds digit of d?
5
Suppose f + j = -62, 5*j - j - 142 = 2*f. Let v = 135 + f. What is the tens digit of v?
7
Let s(k) = 3*k - 18. Let j(r) = -1. Let a(n) = -4*j(n) + s(n). What is the units digit of a(16)?
4
Let z be (-14)/(-49) + 145/7. Suppose u - 183 = 2. Suppose -z = 4*j - u. What is the units digit of j?
1
Let b(y) = -43*y**3 + 9*y + 10. What is the hundreds digit of b(-3)?
1
Suppose 1 = s + 4*w + 12, -w = 4. What is the hundreds digit of (-1)/8*-1234 - s/20?
1
Let i be (-2717)/(-52) - (-2)/(-8). Let d = -26 + i. What is the tens digit of d?
2
Let q(i) = -i**2 - 10*i - 14. Let y = -7 + 1. Let p be q(y). Suppose p*g - 6*g = 28. What is the units digit of g?
7
Suppose 0*z - z = -5*s - 93, -5*z - 4*s + 349 = 0. Suppose -2*u = -z - 199. What is the tens digit of u?
3
Suppose t - 1 = 0, t = -h + 556 + 836. What is the tens digit of h?
9
Let x = -1 - -5. Suppose 5*w - 465 = 5*v, -x*w + 4*v + 372 = 6*v. What is the units digit of w?
3
Let s = 13 - -11. Suppose 6*v - 3*v - s = 0. What is the units digit of v?
8
Let r(m) = -m**3 + 21*m**2 - 6*m + 21. What is the thousands digit of r(11)?
1
Let x(l) = 31*l**2 - 26*l - 5. What is the hundreds digit of x(-6)?
2
Suppose -28 = b + 2*b + 4*w, 5*b = -3*w - 65. Let o = b + 22. What is the units digit of o?
6
What is the units digit of 5 + (8/(-72) - (-1738)/9)?
8
Let j = -90 - -301. Suppose j + 83 = 3*k. Suppose -2*t = -k + 26. What is the tens digit of t?
3
Let n(y) = 32*y + 70. What is the units digit of n(4)?
8
Let c(n) be the first derivative of n**4/6 - 5*n**3/3 + 2*n**2 - 4. Let z(r) be the second derivative of c(r). What is the tens digit of z(9)?
2
Let m(o) = -o**3 + 15*o**2 - o + 17. Let j be m(15). Suppose -2*a = -3*a - 3, j*n = a + 3. What is the tens digit of 3 + -1 + n - -22?
2
Let y = 1449 + -1200. What is the tens digit of y?
4
Suppose -q - 93 = 2*l, l + 37 + 13 = 3*q. Let r = l - -71. What is the units digit of r?
4
Let h be (-9 + -6)*(-1)/3. Suppose o + 256 = h*o. What is the units digit of o?
4
Suppose 0 = 5*x - 15, 4*v = -0*v - 2*x + 14. Let u be ((-18)/(-45))/((-2)/10) - -6. Suppose -u*t + 18 = -v. What is the units digit of t?
5
Let j(b) be the second derivative of -6*b**2 - 9*b + 8/3*b**3 + 0 - 11/12*b**4 + 1/20*b**5. What is the tens digit of j(10)?
4
What is the hundreds digit of -5 - (-1 + -893 + -1)?
8
Let b(j) = -8*j**3 - 7*j**2 + 24*j - 11. What is the hundreds digit of b(-5)?
6
Let p(j) = 2*j + 1. Let y be p(7). Suppose -z + 2 = u, -z + 3*z - 5*u - 4 = 0. What is the units digit of z/(y/(-9) - -2)?
6
Suppose -2*v = 12 - 0. Let x be ((-91)/21)/(2/v). Let s = x - -17. What is the tens digit of s?
3
Let p(o) = o**3 + 4*o**2 + 2*o - 1. Let l be p(-3). Let k = 1 - 0. What is the units digit of (k - l)/(2/(-70))?
5
Let s(h) = 61*h**2 + 3*h + 2. Let d be s(-2). Suppose 0*p - 3*p = -d. Suppose -4*m + p = m. What is the units digit of m?
6
Suppose 12*c = 2554 + 5546. What is the tens digit of c?
7
Suppose -35*q = -33*q - 428. Suppose -3*p = -p - q. What is the units digit of p?
7
Suppose -2*r + 3 = z - 0*z, 5*r + z - 15 = 0. Suppose 0 = -2*b - r*b - 6. What is the tens digit of ((-23)/1 - 4)/b?
2
Let o = -132 + -65. Let u = -137 - o. What is the units digit of u?
0
Let i(z) = -2*z**3 - 4*z**2 - 1. Let r be i(-2). Let f(c) = c. Let v be f(6). What is the units digit of v - 4/r - 1?
9
Suppose 0 = -3*b - 25*b + 47040. What is the units digit of b?
0
Suppose -25*y + 24*y = -1521. What is the hundreds digit of y?
5
Suppose 0 = -67*f + 81*f - 38822. What is the tens digit of f?
7
Let f(c) = -2*c**3 + 6*c + 7. Let x be f(-3). Let m = x + -23. What is the tens digit of m?
2
Suppose i = -3*w + 11, 4*w + 0*i = -i + 14. Let f be (w + -217)*(-2)/4. What is the tens digit of f/2 - 16/32?
5
Let a(x) = -12*x - 12. Let n be a(-3). Suppose 3*o + 5*m - 19 = 9, -2*o - 2*m + n = 0. What is the units digit of o?
6
Suppose 5*n + 5464 = -4*u + 14776, 4*n - 7452 = -2*u. What is the hundreds digit of n?
8
Let a(z) = 53*z**2 - 12*z + 11. What is the units digit of a(-6)?
1
Let b(q) = q - 2 + 1 - 6*q. Let a(s) = -s. Let j(c) = 5*a(c) + b(c). What is the tens digit of j(-3)?
2
Suppose 0 = -y + 2, -3*u = 5*y + 7 + 10. Let t be (16/(-24))/((-2)/6). What is the units digit of -2*1/t*u?
9
Suppose 3*k - 4*a - 404 = 0, -k + 53 = -a - 83. Let s = k - 85. What is the units digit of s?
5
Suppose -2*f = -2*x + 3*x, -5*x + 5*f = -15. Let q(u) = 4*u + 2*u**2 + 3*u + u**x + 4. What is the tens digit of q(-4)?
2
Let b = 1113 - 526. What is the hundreds digit of b?
5
Suppose 935 = 5*y - 1000. Let r = y - 252. What is the hundreds digit of r?
1
Let a(v) = v + 1. Let t be a(0). What is the units digit of 30 + t - (11 + -9)?
9
Let b = 1813 + -885. What is the units digit of b?
8
Let c(r) = -r + 50. Let w(k) = k - 25. Let f be (24 + -12)*(-2)/(-4). Let g(x) = f*c(x) + 13*w(x). What is the tens digit of g(12)?
5
Let o(y) = y**3 - 7*y**2 + 3*y + 20. Let u be o(6). Suppose -i - 4*l = -12, u*i - 3*i - l + 21 = 0. What is the tens digit of i?
2
Suppose -32 = -3*y - 5*n, 2*n = -4*y + 5*n + 4. Suppose 0 = j + 1 - 9. Suppose 3*k + y = 2*u + j*k, 4*k = -3*u + 6. What is the units digit of u?
2
Suppose 2*y + 40 = 2*n, 0*n - 3*n - y = -64. Suppose -5*x - 3*t = n - 3, x + 3*t + 6 = 0. What is the units digit of (6/8)/(x/(-12))?
3
Let l = -14 - -14. Let h be (-3)/(-6)*l + 3. Suppose -2*q - n - 4 = n, 0 = -n - h. What is the units digit of q?
1
What is the tens digit of 1/5 - -3029*1/5?
0
Let a be ((-6)/(-8))/((-24)/(-64)). Suppose a*n - n = -4*k + 5, -3*n = -5*k - 15. Suppose -2*w = -n*w + 108. What is the tens digit of w?
3
Let k = -10 + 19. Suppose k*p = 11*p - 140. What is the tens digit of p?
7
What is the units digit of 1744 + (-33)/(-11) + 3?
0
Let j(b) = -4*b + 6. Suppose -6*p + 42 = -30. Let w be (-1)/(-2 - (-27)/p). What is the tens digit of j(w)?
2
Let c be (-5 + 8)/(1/4). Let j = c - -36. What is the tens digit of j?
4
Let q(z) be the second derivative of -11*z**3/6 - 5*z**2/2 - 32*z. What is the tens digit of q(-4)?
3
Let x = -2 - -4. Suppose 5*z - x*z = 45. Suppose 0*s = s - z. What is the tens digit of s?
1
Suppose 173*x = 167*x + 2700. What is the hundreds digit of x?
4
Let n = 468 - 244. Let b = n + -112. What is the units digit of b?
2
Let z = -10 + 13. Suppose -z*m = m - 2*w - 82, -5*m + 140 = 5*w. What is the units digit of m?
3
Let p(o) = 5*o**2 + 14. What is the units digit of p(-7)?
9
Let w(o) = o**2 - 9*o + 11. Let b be w(8). Suppose g = v - 4, -3*v + 2*g = b*g - 12. Suppose -33 = -4*c - y + 17, -v*y = 4*c - 56. What is the tens digit of c?
1
Let w = -205 + 1191. What is the hundreds digit of w?
9
Suppose -3*g - 12 = -g. Let m = 6 + g. Let p(h) = -2*h + 27. What is the tens digit of p(m)?
2
Let d(c) = -3*c + 2. Let m(u) be the first derivative of u**3/3 + 7*u**2/2 + 4*u + 4. Let o be m(-3). What is the units digit of d(o)?
6
Suppose g - n - 2412 = -3*g, -5*g = 4*n - 3036. What is the tens digit of g?
0
Suppose 76 = 5*z + 3*o, 19 + 29 = 4*z - 4*o. Let v = 15 - z. Let s(d) = 30*d**3 + 1. What is the units digit of s(v)?
1
Let z(b) be the second derivative of -1/4*b**4 - 1/20*b**5 + 2/3*b**3 + 5*b + 0 + 2*b**2. What is the units digit of z(-4)?
4
Suppose 2 = -7*h + 8*h. Let u be (-19)/h*6 - -2. Let a = u - -93. What is the units digit of a?
8
Let v = -1166 - -2058. What is the units digit of v?
2
Suppose 2802 = -25*h + 11577. What is the tens digit of h?
5
Let m = -1719 - -3608. What is the hundreds digit of m?
8
Suppose 2*r - 3806 = -3*l, 0 = -5*r - 5*l + 4979 + 4541. What is the hundreds digit of r?
9
Suppose -5*a + 3*j = -55, -3*a = -4*j - 21 - 23. Suppose 0 = c + c + a. What is the tens digit of 38 + ((-4)/2 - c)?
4
Let u(z) = 6*z - 2. Suppose 3*y = c + 10 - 32, 5*c - 5*y = 80. Suppose 5*v + 5*k = -20, 2*k - 3 = -c. What is the units digit of u(v)?
4
Suppose 4*k - 705 = 5*z - 42, 4*z - 636 = -4*k. Suppose 0 = 2*x + x - k. What is the tens digit of x?
5
Suppose -992 - 15272 = -8*d. What is the units digit of d?
3
Suppose -2*q + 292 = -5*w, 3*w - 4*q = -0*w - 178. Let v = -35 